34?
-5302301
In base 3, what is -22022 + 10222221211?
10222122112
In base 2, what is 1001010 + -110101000000010?
-110100110111000
In base 6, what is 2144201500 - 4?
2144201452
In base 9, what is 4 + -52521606?
-52521602
In base 16, what is -16ea0ee + -16?
-16ea104
In base 11, what is 8 + -1284126?
-1284119
In base 16, what is 3 - 3e295?
-3e292
In base 9, what is 26707005 - -4?
26707010
In base 9, what is -11818 + -6600?
-18518
In base 3, what is -100200122002122 + 101?
-100200122002021
In base 13, what is 4 - 4bb797?
-4bb793
In base 3, what is -12 - -1000201212200122?
1000201212200110
In base 6, what is -1522154250 - 21?
-1522154311
In base 3, what is -102220021 + -100002110?
-202222201
In base 9, what is 0 - -51322178?
51322178
In base 3, what is -202220202020 - -210110?
-202212221210
In base 15, what is -d0827 + 0?
-d0827
In base 12, what is 275 + -739ba1?
-739928
In base 15, what is -30 - 2d429a?
-2d42ca
In base 7, what is 1 - 104151532?
-104151531
In base 9, what is 775 + -211157?
-210272
In base 2, what is -100 + 11100101011000000111111010?
11100101011000000111110110
In base 16, what is b + -306874?
-306869
In base 4, what is -3 - -2031122031033?
2031122031030
In base 8, what is -10013253 + -10?
-10013263
In base 15, what is -2c1e9cc - 3?
-2c1e9d0
In base 10, what is -164 - -2995755?
2995591
In base 2, what is -100101110110001100 + 1100110?
-100101110100100110
In base 13, what is 308 - -8768?
8a73
In base 2, what is -1110000010000111001110 + -110?
-1110000010000111010100
In base 2, what is 1111 + 1111100001011110100?
1111100001100000011
In base 16, what is 33 + 1da20?
1da53
In base 7, what is -2 - -152615440?
152615435
In base 2, what is -10 - -101101100110110110001?
101101100110110101111
In base 9, what is 1 + -217165230?
-217165228
In base 6, what is 13 - 130135201?
-130135144
In base 15, what is -42b7 - -66?
-4251
In base 8, what is 143014 - 426?
142366
In base 2, what is 110011100101110000011000100 - -101?
110011100101110000011001001
In base 12, what is -25723b62 + -4?
-25723b66
In base 10, what is 2836 + 172?
3008
In base 10, what is -3327333 + -39?
-3327372
In base 3, what is -2221022121 - -20?
-2221022101
In base 9, what is -8454867 - -240?
-8454627
In base 7, what is -1404553 - -3515?
-1401035
In base 7, what is 360025 - -42?
360100
In base 6, what is -4542240 - 2112?
-4544352
In base 10, what is 27 - -6614989?
6615016
In base 2, what is -10000111010010001110100001010 - 101?
-10000111010010001110100001111
In base 16, what is 1 + -5969aa?
-5969a9
In base 4, what is 1003 + -1023213001013?
-1023213000010
In base 15, what is -5029d - 7d?
-5032b
In base 14, what is 13 - 1d58d6?
-1d58c3
In base 10, what is -30671 - -397?
-30274
In base 4, what is 222311132010 + -2?
222311132002
In base 16, what is -64 + 203f8?
20394
In base 6, what is 4340243311 + 2?
4340243313
In base 4, what is 1021 + -2123001300?
-2123000213
In base 15, what is -18d6c0 + -8?
-18d6c8
In base 14, what is 1 + -114c6a8?
-114c6a7
In base 9, what is -3552061 - 6?
-3552067
In base 3, what is -121 + -10010211122221?
-10010211200112
In base 16, what is b7 - -c302?
c3b9
In base 4, what is -211110 + -131210?
-1002320
In base 3, what is -10122122 + -21222011101?
-22002211000
In base 5, what is -131 + -1203043423?
-1203044104
In base 15, what is -4 + -4b14b5?
-4b14b9
In base 7, what is 1223065001 - -1?
1223065002
In base 6, what is -112 - -3005104?
3004552
In base 2, what is 11 + -1110000000101001011111101?
-1110000000101001011111010
In base 2, what is 1100000110001011011100111 + -11?
1100000110001011011100100
In base 2, what is 110101101011010110000010 - 0?
110101101011010110000010
In base 2, what is -10 - -1010000010110101101011100?
1010000010110101101011010
In base 14, what is d4 - -179580?
179674
In base 12, what is -a - 14a94456?
-14a94464
In base 4, what is 331110202312 - -23?
331110203001
In base 6, what is 123411310 - -4?
123411314
In base 2, what is -111001011110111100001100 + 101?
-111001011110111100000111
In base 6, what is -2 - -2504324011?
2504324005
In base 13, what is 18362995 + -3?
18362992
In base 10, what is 16111 + 704?
16815
In base 14, what is -151bb + 6d?
-1514c
In base 4, what is -2 - -32221231131?
32221231123
In base 11, what is 917 + -33881?
-32a65
In base 14, what is -a52b - 23c2?
-c90d
In base 11, what is 2 - 106327001?
-106326aaa
In base 10, what is 16386 - 35730?
-19344
In base 4, what is -2031333 - 12021301?
-20113300
In base 3, what is 10021 - 111220012020?
-111220001222
In base 10, what is 447192873 + -5?
447192868
In base 14, what is 6636 - -4d04?
b53a
In base 8, what is 356635363 - -3?
356635366
In base 12, what is 6 - 5558813?
-5558809
In base 11, what is -5 + 3169155?
3169150
In base 5, what is -4 + -1300133241?
-1300133300
In base 11, what is -a - -994330?
994321
In base 8, what is 62 - 3247610?
-3247526
In base 13, what is -31 + 70686?
70655
In base 16, what is -5716 - -c0?
-5656
In base 3, what is -10020001012120200 + -2?
-10020001012120202
In base 9, what is -1275 + -3438?
-4724
In base 15, what is 2e73 - 27c5?
69d
In base 16, what is 26d8f - -a?
26d99
In base 14, what is b80 + -23757?
-229b7
In base 12, what is -110108 + 208?
-10bb00
In base 8, what is -1142 - -51743?
50601
In base 7, what is 50030433 + 4?
50030440
In base 8, what is 563 + 152760?
153543
In base 6, what is 1204 - 31205325?
-31204121
In base 16, what is 11e612 + 7a?
11e68c
In base 8, what is -1422704 + 1702?
-1421002
In base 9, what is 73 - 2455632?
-2455548
In base 10, what is 256 + 25773?
26029
In base 3, what is -2100120020 + 21100?
-2100021220
In base 4, what is -22200 - -23023200?
23001000
In base 15, what is -3eec2 + -110?
-400d2
In base 16, what is -197872 + 16?
-19785c
In base 16, what is 2 - 1a75df?
-1a75dd
In base 13, what is 383a073 + -19?
383a057
In base 2, what is 10010000 - -100000010100010000?
100000010110100000
In base 5, what is 2 + -444414212?
-444414210
In base 2, what is -1101000011010100001101000 - -11?
-1101000011010100001100101
In base 8, what is -23 - -12324557?
12324534
In base 5, what is 424 + 12034111?
12040040
In base 15, what is -4b337 + -22?
-4b359
In base 13, what is -4 + -1ab16a?
-1ab171
In base 2, what is 1001010100110 + -1000110011?
1000001110011
In base 2, what is 101101101010110011001001101 - -101?
101101101010110011001010010
In base 10, what is -3647495 + -6?
-3647501
In base 5, what is 4303 + -2212334?
-2203031
In base 4, what is 1232002 - -1101022?
2333030
In base 14, what is -6b305 - -39a?
-6ad49
In base 8, what is -11 - -2671664?
2671653
In base 12, what is -1242408 + 0?
-1242408
In base 13, what is -53784c - 9?
-537858
In base 3, what is 10 + -10120120220010220?
-10120120220010210
In base 10, what is 176 + -1013089?
-1012913
In base 13, what is -59a77 - bb?
-59b65
In base 16, what is -91e759a + 5?
-91e7595
In base 7, what is -102055 + 42560?
-26165
In base 10, what is -6899 - 2032?
-8931
In base 12, what is -77686 - 62?
-77728
In base 6, what is -1105013 - 155?
-1105212
In base 16, what is 65 + baab1?
bab16
In base 15, what is 0 - -16636b9?
16636b9
In base 7, what is -12412443 + -256?
-12413032
In base 9, what is 130422765 + -2?
130422763
In base 15, what is -6b7 + -1e?
-6d6
In base 10, what is -31608 + -10?
-31618
In base 14, what is 76a600 - 7?
76a5d7
In base 7, what is 5 + -410166225?
-410166220
In base 6, what is 104 + 50443433?
50443541
In base 4, what is -2122 + -21301013221?
-21301022003
In base 3, what is 1012 - -1201021101?
1201022120
In base 16, what is -d4a1 + -2c3?
-d764
In base 12, what is -a85 + -5035a?
-51223
In base 6, what is 2 + 11325231005?
11325231011
In base 3, what is 1100000021211000222 - 10?
1100000021211000212
In base 16, what is 15f061 + -7?
15f05a
In base 10, what is 1138267 + -74?
1138193
In base 14, what is -16728 - -17a?
-1658c
In base 16, what is 1dc128c + -4?
1dc1288
In base 16, what is 79 + 2334?
23ad
In base 11, what is -24 + 19a946?
19a922
In base 2, what is -10010101110011010 - -101?
-10010101110010101
In base 8, what is 71 + 23227726?
23230017
In base 5, what is 23014121 - 10300?
23003321
In base 5, what is 433412113 - 4?
433412104
In base 16, what is -2e9b14 + -3d?
-2e9b51
In base 15, what is -4d - 3e483?
-3e4d1
In base 6, what is -1413145 + 12?
-1413133
In base 4, what is 223112 - -100030?